-- https://www.phpmyadmin.net/
--

START TRANSACTION;



--
-- Database: `bitmetkg_ruxcloud`
--

-- --------------------------------------------------------

--
-- Table structure for table `fak`
--

CREATE TABLE `fak` (
  `id` int(100) NOT NULL,
  `users` varchar(1000) NOT NULL,
  `deposit` varchar(1000) NOT NULL,
  `withdraw` varchar(1000) NOT NULL,
  `days` varchar(1000) NOT NULL
) ENGINE=MyISAM DEFAULT CHARSET=latin1;

--
-- Dumping data for table `fak`
--

INSERT INTO `fak` (`id`, `users`, `deposit`, `withdraw`, `days`) VALUES
(1, '49560', '956764', '1103567', '1');

-- --------------------------------------------------------

--
-- Table structure for table `faq`
--

CREATE TABLE `faq` (
  `id` int(100) NOT NULL,
  `question` varchar(1000) NOT NULL,
  `answer` varchar(1000) NOT NULL
) ENGINE=MyISAM DEFAULT CHARSET=latin1;

--
-- Dumping data for table `faq`
--

INSERT INTO `faq` (`id`, `question`, `answer`) VALUES
(4, 'What is ruxcloud?', 'Ruxcloud our company provides a full investment service focused on the bitcoin and cryptocurrency market We are among the best platforms to invest and grow your bitcoin and other cryptocurrency'),
(5, 'How do I create my account?', 'Registration process is very easy and will take a few moments to complete Simply click CREATE ACCOUNT button  and fill in all the required fields'),
(6, 'How do I make a deposit?', 'To deposit funds in your trading account is quick and simple For your convenience you may choose one of the several available deposit methods To make a successful deposit please follow the steps below Login to your account Click on the DEPOSITS button in the DASHBOARD section Choose the deposit option And follow the steps to complete your transaction'),
(16, 'how many times can i make a deposit?', 'Yes you can make as many deposit as you want on any of our investment plans except the starter plan where you can only invest 3 times after which you make a choice to continue investing with us or not'),
(8, 'How long does my deposit take before it can reflect on my Ruxcloud account dashboard?', 'Your deposit will be reflected immediately once it is confirmed on the blockchain network'),
(9, 'How do I make a withdrawal?', 'To make a withdrawal request click the WITHDRAW button at the top center of your ruxcloud account dashboard and input the required details to withdraw'),
(10, 'How long does it take to process my withdrawal?', 'Once we receive your withdrawal request we process immediately and send to your bitcoin wallet'),
(11, 'Can I have more than one account?', 'No you cannot have more than one account only investors on the vip plan are allowed to do so'),
(13, 'Is this company properly registered?', 'Yes we are officially and properly registered with the united kingdom company house our company registration number is R1388875   and registered with the name Ruxcloud LTD'),
(14, 'Can I have more than two accounts?', 'We do not allow multiple accounts except only for our investors on the VIP plan');

-- --------------------------------------------------------

--
-- Table structure for table `kyc`
--

CREATE TABLE `kyc` (
  `id` int(11) NOT NULL,
  `name` varchar(255) NOT NULL,
  `email` varchar(255) NOT NULL,
  `phone` varchar(255) NOT NULL,
  `address` varchar(255) NOT NULL,
  `state` varchar(255) NOT NULL,
  `country` varchar(255) NOT NULL,
  `image` varchar(255) NOT NULL,
  `userid` varchar(255) NOT NULL,
  `status` varchar(255) DEFAULT NULL,
  `time` varchar(255) NOT NULL
) ENGINE=MyISAM DEFAULT CHARSET=latin1;

--
-- Dumping data for table `kyc`
--

INSERT INTO `kyc` (`id`, `name`, `email`, `phone`, `address`, `state`, `country`, `image`, `userid`, `status`, `time`) VALUES
(172, 'June Alexander Wang', 'darcimoore84@gmail.com', '+15083669829', 'Denver, ', 'Colorado', 'United States of America', '1636366654.jpg', '441', '1', '1636366654'),
(171, 'Guy cent', 'upnextboard@gmail.com', '1 407-984-4677', '107 Lammas Street RG4 2SL, GREAT ASHFIELD ENGLAND', 'England', 'Andorra', '1636362081.jpeg', '437', '1', '1636362081'),
(173, 'Web', 'jnr@gmail.com', '99998456454', 'Hjuhehueu', 'New York ', 'Algeria', '1640426859.jpeg', '349', '1', '1640426859'),
(174, 'Ggggggg', 'g@mail.com', '55888566228', 'Ghhgfffh', 'Guyb', 'Albania', '1643727133.jpeg', '456', '1', '1643727133'),
(175, 'Beena', 'b_filipponi@bluewin.ch', '41763685068', 'Sudstrasse', 'Bern', 'Switzerland', '1644244493.jpeg', '457', '1', '1644244493');

-- --------------------------------------------------------

--
-- Table structure for table `msg`
--

CREATE TABLE `msg` (
  `id` int(100) NOT NULL,
  `name` varchar(1000) NOT NULL,
  `email` varchar(1000) NOT NULL,
  `subject` varchar(1000) NOT NULL,
  `msg` varchar(1000) NOT NULL
) ENGINE=MyISAM DEFAULT CHARSET=latin1;

--
-- Dumping data for table `msg`
--

INSERT INTO `msg` (`id`, `name`, `email`, `subject`, `msg`) VALUES
(83, 'Divya', 'divyarani.developer@gmail.com', 'Re: Improve your web traffic and SEO', 'Hey! Hope you are doing well & staying safe.\r\n\r\nI am glad to introduce myself as an SEO developer. Our SEO (Digital Marketing), SMO (Facebook,Instagram,Pinterest,Twitter Etc) techniques are an asset to your organization in bringing up traffic to your website, for generating more Leads, Sales, and Conversions. if you want to avail of our services.\r\n\r\n10 plus years of Experience | Partnered with 20+ Digital Agencies | 60+ SEO, SMO - SEM Google Ads Certified Professionals, expert website designers & developers.\r\n\r\nPlease share your phone number/skype and suitable time (Meeting) to talk to you, So we can explain our plan and strategy.\r\n\r\nThanks in advance,\r\nDivya (SEO/Web Specialist)\r\n'),
(84, 'Divya', 'divyarani.developer@gmail.com', 'Re: Improve your web traffic and SEO', 'Hey! Hope you are doing well & staying safe.\r\n\r\nI am glad to introduce myself as an SEO developer. Our SEO (Digital Marketing), SMO (Facebook,Instagram,Pinterest,Twitter Etc) techniques are an asset to your organization in bringing up traffic to your website, for generating more Leads, Sales, and Conversions. if you want to avail of our services.\r\n\r\n10 plus years of Experience | Partnered with 20+ Digital Agencies | 60+ SEO, SMO - SEM Google Ads Certified Professionals, expert website designers & developers.\r\n\r\nPlease share your phone number/skype and suitable time (Meeting) to talk to you, So we can explain our plan and strategy.\r\n\r\nThanks in advance,\r\nDivya (SEO/Web Specialist)\r\n'),
(85, 'Harry Williams', 'harrywilliamwork3@gmail.com', 'Question about your website', 'Hey,\r\n\r\nYour website design is absolutely brilliant. The visuals really enhance your message and the content compels action. I\'ve forwarded it to a few of my contacts who I think could benefit from your services.\r\n\r\nWhen I was looking at your site, though, I noticed some mistakes that you\'ve made re: search engine optimization (SEO) which may be leading to a decline in your organic SEO results. Would you like to fix it so that you can get maximum exposure/presence on Google, Bing, Yahoo and web traffic to your website?\r\n\r\nIt\'s a relatively simple fix. If this is a priority, I can also get on a call.\r\n\r\nPlease share your “Phone Number\" and a suitable time to talk, so I can help you in that.\r\n\r\nRegards\r\nHarry Williams\r\nDigital Marketing Expert\r\n'),
(86, 'Anthonysnoms', 'no.reply.feedbackform@gmail.com', 'The best advertising of your products and services!', 'Gооd dаy!  ruxcloud.com \r\n \r\nDid yоu knоw thаt it is pоssiblе tо sеnd rеquеst tоtаlly lеgаl? \r\nWе suggеst а nеw lеgаl wаy оf sеnding ÑоmmеrÑiаl оffеr thrоugh ÑоntаÑt fоrms. SuÑh fоrms аrе lоÑаtеd оn mаny sitеs. \r\nWhеn suÑh mеssаgеs аrе sеnt, nо pеrsоnаl dаtа is usеd, аnd mеssаgеs аrе sеnt tо fоrms spеÑifiÑаlly dеsignеd tо rеÑеivе mеssаgеs аnd аppеаls. \r\nаlsо, mеssаgеs sеnt thrоugh ÑоmmuniÑаtiоn Fоrms dо nоt gеt intо spаm bеÑаusе suÑh mеssаgеs аrе Ñоnsidеrеd impоrtаnt. \r\nWе оffеr yоu tо tеst оur sеrviÑе fоr frее. Wе will sеnd up tо 50,000 mеssаgеs fоr yоu. \r\nThе Ñоst оf sеnding оnе milliоn mеssаgеs is 49 USD. \r\n \r\nThis mеssаgе is Ñrеаtеd аutоmаtiÑаlly. Plеаsе usе thе ÑоntаÑt dеtаils bеlоw tо ÑоntаÑt us. \r\n \r\nContact us. \r\nTelegram - @FeedbackMessages \r\nSkype  live:contactform_18 \r\nWhatsApp - +3752591126'),
(87, 'GregoryFub', 'no-replykr@gmail.com', 'Do you want cheap and innovative advertising for little money?', 'Hello!  ruxcloud.com \r\n \r\nDid you know that it is possible to send commercial offer absolutely lawfully? \r\nWe tender a new method of sending letter through contact forms. Such forms are located on many sites. \r\nWhen such proposals are sent, no personal data is used, and messages are sent to forms specifically designed to receive messages and appeals. \r\nalso, messages sent through contact Forms do not get into spam because such messages are considered important. \r\nWe offer you to test our service for free. We will send up to 50,000 messages for you. \r\nThe cost of sending one million messages is 49 USD. \r\n \r\nThis message is created automatically. Please use the contact details below to contact us. \r\n \r\nContact us. \r\nTelegram - @FeedbackMessages \r\nSkype  live:contactform_18 \r\nWhatsApp - +375259112693 \r\nWe only use chat.'),
(88, 'Donald Cole', 'lanj7962@gmail.com', 'Partnership', 'Good day \r\n \r\nI contacted you some days back seeking your cooperation in a matter regarding funds worth $24 Million, I urge you to get back to me through this email coledd11@cloedcolela.com if you\'re still interested. \r\n \r\nI await your response. \r\n \r\nThanks, \r\n \r\nDonald Cole'),
(89, 'Barış ASLAN', 'aslanavda.1905@hotmail.com', 'about investment', 'Hello'),
(90, 'Barış ASLAN', 'aslanavda.1905@hotmail.com', 'about investment', 'Hello'),
(91, 'Salih Belgindağ', 'salihbelgindag@gmail.com', 'Bonus about', 'How can I withdraw the bonus?'),
(92, 'Salih Belgindağ', 'salihbelgindag@gmail.com', 'Bonus about', 'How can I withdraw the bonus?'),
(93, 'Barış aslan', 'aslanavda.1905@hotmail.com', 'Kyc', 'kyc completion never happens. I entered all the information requested from me, but what is the reason why it is not available?'),
(94, 'Barış aslan', 'aslanavda.1905@hotmail.com', 'Kyc', 'kyc completion never happens. I entered all the information requested from me, but what is the reason why it is not available?'),
(95, 'Barış ASLAN', 'aslanavda.1905@hotmail.com', 'promo', '5000 dollars bonus has been defined in my account. What do I need to do to use it?\r\n'),
(96, 'Barış ASLAN', 'aslanavda.1905@hotmail.com', 'promo', '5000 dollars bonus has been defined in my account. What do I need to do to use it?\r\n'),
(97, 'Barış ASLAN', 'aslanavda.1905@hotmail.com', 'withdrawal request', 'hello, I requested a withdrawal on saturday and although today is monday, the money has not been credited to my account yet. I explained the problem I was experiencing both via e-mail and to the live support line, but I did not get any response. If you don\'t answer I will consider you a scammer and I will never continue to invest from now on. Could you please reply as soon as possible about the cause of the problem I am experiencing?\r\n'),
(98, 'Barış ASLAN', 'aslanavda.1905@hotmail.com', 'withdrawal request', 'hello, I requested a withdrawal on saturday and although today is monday, the money has not been credited to my account yet. I explained the problem I was experiencing both via e-mail and to the live support line, but I did not get any response. If you don\'t answer I will consider you a scammer and I will never continue to invest from now on. Could you please reply as soon as possible about the cause of the problem I am experiencing?\r\n'),
(99, 'Nishant', 'nishant.developer22@gmail.com', 'Re : Website Design & Development service provider', 'Hi \r\n\r\nI am Nishant, \r\n\r\nWe collaborate with startups, SMBs, and new domain owners to provide Website design - re-design and development services at modest rate.\r\n\r\nWe have a dedicated team of 45 professional designers and developers with over 8 plus years of experience and we thrive on the idea that design makes a difference. \r\n\r\nOur services at a glance: - \r\n\r\nWebsite Designing/Re-Designing \r\n\r\n#E-commerce development (Magento, Shopify, Woo Commerce etc.)\r\n\r\n#Graphic Designing\r\n\r\n#WordPress Theme Design & Customization\r\n\r\n#Custom themes, Plugins & Widget Development\r\n\r\n#Custom Templates, Modules, Plugins Design & Development\r\n\r\nDo let me know if you are interested in our services the please share your REQUIREMENT with us so that we can analyze your requirements and provide you the best solution accordingly. \r\n\r\nI’m waiting for your reply. \r\n\r\nKinds Regards,\r\nNishant (Web Solution Manager)'),
(100, 'Btd', 'b_filipponi@bluewin.ch', 'Deposit failed ', 'Unable to deposit usdt. It says deposit address wrong '),
(101, 'Btd', 'b_filipponi@bluewin.ch', 'Deposit failed ', 'Unable to deposit usdt. It says deposit address wrong '),
(102, 'Btd', 'b_filipponi@bluewin.ch', 'Deposit failed ', 'Unable to deposit usdt. It says deposit address wrong '),
(103, 'Btd', 'b_filipponi@bluewin.ch', 'Deposit failed ', 'Unable to deposit usdt. It says deposit address wrong '),
(104, 'Samsung67 ', 'm.filipponi@laserassistance.com', 'Trc network Adresse ', 'Please send me your usdt trc20 network Adresse....  erc is soooo expensive...'),
(105, 'Samsung67 ', 'm.filipponi@laserassistance.com', 'Trc network Adresse ', 'Please send me your usdt trc20 network Adresse....  erc is soooo expensive...'),
(106, 'Samsung67 ', 'm.filipponi@laserassistance.com', 'Trc network Adresse ', 'Please send me your usdt trc20 network Adresse....  erc is soooo expensive...'),
(107, 'Samsung67 ', 'm.filipponi@laserassistance.com', 'Trc network Adresse ', 'Please send me your usdt trc20 network Adresse....  erc is soooo expensive...'),
(108, 'Igor', 'ikishmarija@gmail.com', 'Вывод', 'При выводе деньги Ñразу ушли, а на биткоин кошелёк не пришли ещё. Какое времÑ требуетÑÑ длÑ вывода ÑредÑтв? '),
(109, 'Igor', 'ikishmarija@gmail.com', 'Вывод', 'При выводе деньги Ñразу ушли, а на биткоин кошелёк не пришли ещё. Какое времÑ требуетÑÑ длÑ вывода ÑредÑтв? '),
(110, 'Hilario', 'hilario@datalist.biz', 'DataList.biz Shutting Down', 'Hello,\r\n\r\nIt is with sad regret to inform you that DataList.biz is shutting down. We have made all our databases available for you at a one-time fee.\r\n\r\nYou can visit us on DataList.biz\r\n\r\nRegards.\r\nHilario'),
(111, 'Igor', 'ikishmarija@gmail.com', 'Вывод', ' Почему мои 5$ , которые Ñ, вывел, не поÑтупили на мой кошелёк Биткоин? '),
(112, 'Igor', 'ikishmarija@gmail.com', 'Вывод', ' Почему мои 5$ , которые Ñ, вывел, не поÑтупили на мой кошелёк Биткоин? '),
(113, 'Michaelphacy', 'chubenkodaniiaz+116z@mail.ru', 'Hello world', 'ruxcloud.com uriefeodeighrkfldjiijofofjmvkdnsisdiehiusfiajfhweiuioidjsjsbfiadjasifaijdfifijsaaiwghifadja'),
(114, 'Maryamsanjary', 'sanjarymaryam02@gmail.com', 'تایید سپرده', 'سلام من ۲۰۰ تا تتر واریز کردم از کیÙ پول بایست اونجا موÙق شده ولی تو حسابم نیست'),
(115, 'Maryamsanjary', 'sanjarymaryam02@gmail.com', 'تایید سپرده', 'سلام من ۲۰۰ تا تتر واریز کردم از کیÙ پول بایست اونجا موÙق شده ولی تو حسابم نیست'),
(116, 'Maryamsanjary', 'sanjarymaryam02@gmail.com', 'تایید سپرده', 'سلام من ۲۰۰ تا تتر واریز کردم از کیÙ پول بایست اونجا موÙق شده ولی تو حسابم نیست'),
(117, 'Maryamsanjary', 'sanjarymaryam02@gmail.com', 'تایید سپرده', 'سلام من ۲۰۰ تا تتر واریز کردم از کیÙ پول بایست اونجا موÙق شده ولی تو حسابم نیست'),
(118, 'Moitaba', 'emojtaba821@gmail.com', 'میخواهم واریز کنم', 'آدرس کیÙ پول بدهید میخوام واریز انجام بدهم'),
(119, 'Moitaba', 'emojtaba821@gmail.com', 'میخواهم واریز کنم', 'آدرس کیÙ پول بدهید میخوام واریز انجام بدهم'),
(120, 'Moitaba', 'emojtaba821@gmail.com', 'میخواهم واریز کنم', 'آدرس کیÙ پول بدهید میخوام واریز انجام بدهم'),
(121, 'Moitaba', 'emojtaba821@gmail.com', 'میخواهم واریز کنم', 'آدرس کیÙ پول بدهید میخوام واریز انجام بدهم'),
(122, 'Mojtaba5097', 'emojtaba821@gmail.com', 'Give me the wallet address. I want to make a deposit', 'Give me the wallet address. I want to make a deposit'),
(123, 'Mojtaba5097', 'emojtaba821@gmail.com', 'Give me the wallet address. I want to make a deposit', 'Give me the wallet address. I want to make a deposit'),
(124, 'Mojtaba5097', 'emojtaba821@gmail.com', 'Give me the wallet address. I want to make a deposit', 'Give me the wallet address. I want to make a deposit'),
(125, 'Mojtaba5097', 'emojtaba821@gmail.com', 'Give me the wallet address. I want to make a deposit', 'Give me the wallet address. I want to make a deposit'),
(126, 'DennisTub', 'menapix@vivoscuola.it', 'Elite SMM Services for you and your business', 'Top SMM Panel https://www.google.com/url?q=https%3A%2F%2Fvk.cc%2FccgQZt&sa=D&sntz=1&usg=AOvVaw07lL_kc7zZcksNSSYY3kMA'),
(127, 'DennisTub', 'menapix@vivoscuola.it', 'Elite SMM Services for you and your business', 'Top SMM Panel https://www.google.com/url?q=https%3A%2F%2Fvk.cc%2FccgQZt&sa=D&sntz=1&usg=AOvVaw07lL_kc7zZcksNSSYY3kMA'),
(128, 'DennisTub', 'menapix@vivoscuola.it', 'Elite SMM Services for you and your business', 'Top SMM Panel https://www.google.com/url?q=https%3A%2F%2Fvk.cc%2FccgQZt&sa=D&sntz=1&usg=AOvVaw07lL_kc7zZcksNSSYY3kMA'),
(129, 'DennisTub', 'menapix@vivoscuola.it', 'Elite SMM Services for you and your business', 'Top SMM Panel https://www.google.com/url?q=https%3A%2F%2Fvk.cc%2FccgQZt&sa=D&sntz=1&usg=AOvVaw07lL_kc7zZcksNSSYY3kMA'),
(130, 'DennisTub', 'menapix@vivoscuola.it', 'Elite SMM Services for you and your business', 'Top SMM Panel https://www.google.com/url?q=https%3A%2F%2Fvk.cc%2FccgQZt&sa=D&sntz=1&usg=AOvVaw07lL_kc7zZcksNSSYY3kMA'),
(131, 'Collinted', 'bmacaco@hotmail.com', 'Gains a partir de 1500 euros par jour', 'Plus de 4 000 000 d\'Europeens gagnent a partir de 1500 euros par jour https://telegra.ph/Derni%C3%A8res-nouvelles--Alors-que-les-prix-augmentent-les-Europ%C3%A9ens-commencent-%C3%A0-arr%C3%AAter-de-fumer-en-masse-et-gagnent-en-plus-%C3%A0-par-04-01-3?85a'),
(132, 'Collinted', 'bmacaco@hotmail.com', 'Gains a partir de 1500 euros par jour', 'Plus de 4 000 000 d\'Europeens gagnent a partir de 1500 euros par jour https://telegra.ph/Derni%C3%A8res-nouvelles--Alors-que-les-prix-augmentent-les-Europ%C3%A9ens-commencent-%C3%A0-arr%C3%AAter-de-fumer-en-masse-et-gagnent-en-plus-%C3%A0-par-04-01-3?85a'),
(133, 'Collinted', 'bmacaco@hotmail.com', 'Gains a partir de 1500 euros par jour', 'Plus de 4 000 000 d\'Europeens gagnent a partir de 1500 euros par jour https://telegra.ph/Derni%C3%A8res-nouvelles--Alors-que-les-prix-augmentent-les-Europ%C3%A9ens-commencent-%C3%A0-arr%C3%AAter-de-fumer-en-masse-et-gagnent-en-plus-%C3%A0-par-04-01-3?85a'),
(134, 'Collinted', 'bmacaco@hotmail.com', 'Gains a partir de 1500 euros par jour', 'Plus de 4 000 000 d\'Europeens gagnent a partir de 1500 euros par jour https://telegra.ph/Derni%C3%A8res-nouvelles--Alors-que-les-prix-augmentent-les-Europ%C3%A9ens-commencent-%C3%A0-arr%C3%AAter-de-fumer-en-masse-et-gagnent-en-plus-%C3%A0-par-04-01-3?85a'),
(135, 'Collinted', 'bmacaco@hotmail.com', 'Gains a partir de 1500 euros par jour', 'Plus de 4 000 000 d\'Europeens gagnent a partir de 1500 euros par jour https://telegra.ph/Derni%C3%A8res-nouvelles--Alors-que-les-prix-augmentent-les-Europ%C3%A9ens-commencent-%C3%A0-arr%C3%AAter-de-fumer-en-masse-et-gagnent-en-plus-%C3%A0-par-04-01-3?85a'),
(136, 'Siddhant', 'siddhant.umb@gmail.com', 'Lend Money', 'Someone wants to lend me $100 to complete my investment.'),
(137, 'Siddhant', 'siddhant.umb@gmail.com', 'Lend Money', 'Someone wants to lend me $100 to complete my investment.'),
(138, 'Collinted', 'song_of_d_caster@yahoo.com', 'Quick earnings on the Trading Robot from 1595 USDT per day', 'Rapid earnings on Cryptocurrency from 1509 USDT per day https://telegra.ph/More-than-1500-USDT-per-day-on-automated-cryptocurrency-trading-04-02?nr4'),
(139, 'Collinted', 'song_of_d_caster@yahoo.com', 'Quick earnings on the Trading Robot from 1595 USDT per day', 'Rapid earnings on Cryptocurrency from 1509 USDT per day https://telegra.ph/More-than-1500-USDT-per-day-on-automated-cryptocurrency-trading-04-02?nr4'),
(140, 'Collinted', 'song_of_d_caster@yahoo.com', 'Quick earnings on the Trading Robot from 1595 USDT per day', 'Rapid earnings on Cryptocurrency from 1509 USDT per day https://telegra.ph/More-than-1500-USDT-per-day-on-automated-cryptocurrency-trading-04-02?nr4'),
(141, 'Collinted', 'song_of_d_caster@yahoo.com', 'Quick earnings on the Trading Robot from 1595 USDT per day', 'Rapid earnings on Cryptocurrency from 1509 USDT per day https://telegra.ph/More-than-1500-USDT-per-day-on-automated-cryptocurrency-trading-04-02?nr4'),
(142, 'Collinted', 'song_of_d_caster@yahoo.com', 'Quick earnings on the Trading Robot from 1595 USDT per day', 'Rapid earnings on Cryptocurrency from 1509 USDT per day https://telegra.ph/More-than-1500-USDT-per-day-on-automated-cryptocurrency-trading-04-02?nr4');

-- --------------------------------------------------------

--
-- Table structure for table `package`
--

CREATE TABLE `package` (
  `id` int(100) NOT NULL,
  `name` varchar(1000) NOT NULL,
  `percent` varchar(1000) NOT NULL,
  `ref` varchar(1000) NOT NULL,
  `min` varchar(1000) NOT NULL,
  `max` varchar(1000) NOT NULL,
  `type` varchar(1000) NOT NULL
) ENGINE=MyISAM DEFAULT CHARSET=latin1;

-- --------------------------------------------------------

--
-- Table structure for table `plan`
--

CREATE TABLE `plan` (
  `id` int(100) NOT NULL,
  `name` varchar(1000) NOT NULL,
  `percent` varchar(1000) NOT NULL,
  `ref` varchar(1000) NOT NULL,
  `min` varchar(1000) NOT NULL,
  `max` varchar(1000) NOT NULL,
  `num` varchar(1000) NOT NULL,
  `calc` varchar(1000) NOT NULL,
  `type` int(100) NOT NULL
) ENGINE=MyISAM DEFAULT CHARSET=latin1;

--
-- Dumping data for table `plan`
--

INSERT INTO `plan` (`id`, `name`, `percent`, `ref`, `min`, `max`, `num`, `calc`, `type`) VALUES
(51, 'ENTERPRISE PLAN', '49', '10', '10000', '49999', '7', '24', 1),
(49, 'BASIC PLAN', '28', '10', '200', '9999', '7', '24', 1),
(52, 'GOLDEN PLAN', '70', '10', '50000', '500000', '7', '24', 1);

-- --------------------------------------------------------

--
-- Table structure for table `referral`
--

CREATE TABLE `referral` (
  `id` int(100) NOT NULL,
  `user` varchar(1000) NOT NULL,
  `ref` varchar(1000) NOT NULL,
  `time` varchar(1000) NOT NULL
) ENGINE=MyISAM DEFAULT CHARSET=latin1;

--
-- Dumping data for table `referral`
--

INSERT INTO `referral` (`id`, `user`, `ref`, `time`) VALUES
(93, 'Hilda1', 'Web', '1636585008'),
(94, 'George1', 'Hilda1', '1636585595'),
(95, 'Btd', 'Mellor ', '1643710508'),
(96, 'aimirustika', 'Bntb', '1643848542'),
(97, 'Ridwan241', 'Bntb', '1643866411'),
(98, 'sar1k__ake ', 'Dawson', '1643924843'),
(99, 'Lewis ', 'Farhan ', '1644154206'),
(100, 'abdu', 'Clara', '1644657275'),
(101, 'Sammie ', 'Elicia', '1645539189'),
(102, 'Samsung67', 'Btd', '1645895395'),
(103, 'Samiaj', 'Emily', '1645995426'),
(104, 'FaVe', 'Btd', '1646026318'),
(105, 'Jonathan', 'Elicia', '1646641255'),
(106, 'Mojtaba5097', 'Donaldlilian123', '1648423835'),
(107, 'Arlomax', 'Currie', '1648827041'),
(108, 'Sadegh8043', 'Mojtaba5097', '1648848959'),
(109, 'Siddhant', 'Donaldlilian123', '1648904098'),
(110, 'tamertawfiq', 'Isabella', '1649041299');

-- --------------------------------------------------------

--
-- Table structure for table `site`
--

CREATE TABLE `site` (
  `id` int(100) NOT NULL,
  `name` varchar(1000) NOT NULL,
  `address` varchar(1000) NOT NULL,
  `phone` varchar(1000) NOT NULL,
  `email` varchar(1000) NOT NULL,
  `state` varchar(1000) NOT NULL,
  `founder` varchar(1000) NOT NULL,
  `reg` varchar(1000) NOT NULL,
  `BTC` varchar(1000) NOT NULL,
  `image_link` varchar(1000) NOT NULL,
  `site_url` varchar(1000) NOT NULL,
  `dep` varchar(1000) NOT NULL DEFAULT '0',
  `withdraw` varchar(1000) NOT NULL DEFAULT '0',
  `min_with` varchar(1000) NOT NULL,
  `max_with` varchar(1000) NOT NULL,
  `eth` varchar(255) DEFAULT NULL,
  `bnb` varchar(255) DEFAULT NULL,
  `sharevalue` varchar(255) DEFAULT NULL
) ENGINE=MyISAM DEFAULT CHARSET=latin1;

--
-- Dumping data for table `site`
--

INSERT INTO `site` (`id`, `name`, `address`, `phone`, `email`, `state`, `founder`, `reg`, `BTC`, `image_link`, `site_url`, `dep`, `withdraw`, `min_with`, `max_with`, `eth`, `bnb`, `sharevalue`) VALUES
(1, 'Ruxcloud', 'Unit 22, Botany Business Park, Macclesfield Rd, High Peak, SK23 7DQ', '020 8969 1898', 'support@ruxcloud.com', 'LONDON', 'Desmond Garreth', 'RXC', '', 'http://ruxcloud.com/images/logo.png', 'http://ruxcloud.com', '0', '', '0', '100000', 'ETHEREUM ADDRESS', 'info@ruxcloud.com', 'USDT-TRC20');

-- --------------------------------------------------------

--
-- Table structure for table `sitewallet`
--

CREATE TABLE `sitewallet` (
  `id` int(100) NOT NULL,
  `type` varchar(1000) NOT NULL,
  `address` varchar(1000) NOT NULL,
  `network` varchar(255) DEFAULT NULL
) ENGINE=MyISAM DEFAULT CHARSET=latin1;

--
-- Dumping data for table `sitewallet`
--

INSERT INTO `sitewallet` (`id`, `type`, `address`, `network`) VALUES
(1, 'BTC', 'bc1q7s7w3saku6h0063w60yscjpe7w65kqd0fy3k7d', 'BITCOIN'),
(2, 'ETH', '0xA2C6f7D988AF8127Cdaf0292FD1D096E854413C6', 'ERC20'),
(3, 'BNB', 'PUT BNB ADDRESS', NULL),
(4, 'USDT', '0xA2C6f7D988AF8127Cdaf0292FD1D096E854413C6', 'ERC20'),
(5, 'LTC', 'PUT LTC ADDRESS', NULL);

-- --------------------------------------------------------

--
-- Table structure for table `test`
--

CREATE TABLE `test` (
  `id` int(100) NOT NULL,
  `name` varchar(1000) NOT NULL,
  `testimony` varchar(1000) NOT NULL,
  `image` varchar(1000) NOT NULL
) ENGINE=MyISAM DEFAULT CHARSET=latin1;

--
-- Dumping data for table `test`
--

INSERT INTO `test` (`id`, `name`, `testimony`, `image`) VALUES
(4, 'David reed', 'Great company With great investment services keep up the good work', '1'),
(5, 'Niel elamir', 'After trading and mining I was able to withdraw my profits without any issues', '1'),
(7, 'Nora Woodward', 'I keep recommending to my friends and family because of their overwhelmingly impressive financial services', '1'),
(8, 'Christopher Wagner', 'Ruxcloud is one of the best performing fund management company', '1'),
(9, 'Alexandra lukas', 'This is remarkably one of the best Investments I have made this year', '1');

-- --------------------------------------------------------

--
-- Table structure for table `transaction`
--

CREATE TABLE `transaction` (
  `id` int(100) NOT NULL,
  `sender` varchar(1000) NOT NULL,
  `receiver` varchar(1000) NOT NULL,
  `amount` varchar(1000) NOT NULL,
  `type` varchar(1000) NOT NULL,
  `plan` varchar(1000) DEFAULT NULL,
  `paidby` varchar(1000) DEFAULT NULL,
  `status` varchar(1000) DEFAULT '0',
  `time` varchar(1000) NOT NULL,
  `updated` varchar(1000) DEFAULT NULL,
  `closed` varchar(1000) DEFAULT '0',
  `closetime` varchar(1000) DEFAULT NULL,
  `show_bonus` varchar(1000) NOT NULL DEFAULT '1'
) ENGINE=MyISAM DEFAULT CHARSET=latin1;

--
-- Dumping data for table `transaction`
--

INSERT INTO `transaction` (`id`, `sender`, `receiver`, `amount`, `type`, `plan`, `paidby`, `status`, `time`, `updated`, `closed`, `closetime`, `show_bonus`) VALUES
(1220, '349', 'x', '6000', 'Bonus', NULL, NULL, '1', '1646004135', '1646004135', '0', NULL, '1'),
(1221, '349', 'x', '6000', 'Bonus', NULL, NULL, '1', '1646004457', '1646004457', '0', NULL, '1'),
(1222, '446', 'x', '6000', 'Bonus', NULL, NULL, '1', '1646004503', '1646004503', '0', NULL, '1'),
(1223, '446', 'x', '500', 'Penalty', NULL, NULL, '1', '1646004570', '1646004570', '0', NULL, '1'),
(1232, '456', 'x', '10000', 'Bonus', NULL, NULL, '1', '1646426189', '1646426189', '0', NULL, '2'),
(1225, '496', 'x', '200', 'Deposit', '49', '2', '1', '1646033419', '1646051747', '1', '1646688574', '1'),
(1230, '457', 'x', '1000', 'Withdraw', NULL, 'Tether - TQbsY7iZmhcUvMDxTLHR4D1nKz9fHs1kph', '1', '1646416777', '1646426697', '0', NULL, '1'),
(1231, '457', 'x', '250', 'Charges', NULL, 'Tether - TQbsY7iZmhcUvMDxTLHR4D1nKz9fHs1kph', '1', '1646416777', '1646417537', '0', NULL, '1'),
(1149, '451', 'x', '250', 'Withdraw', NULL, 'Tether - TUA3rWxpmFH5PhAnMUmzDUaZMekoxtGZuu', '1', '1641662777', '1641728620', '0', NULL, '1'),
(1155, '449', 'x', '30000', 'Bonus', NULL, NULL, '1', '1642605254', '1642605254', '0', NULL, '1'),
(1185, '456', 'x', '15000', 'Bonus', NULL, NULL, '1', '1644238308', '1644238308', '0', NULL, '1'),
(1112, '349', 'x', '5000', 'Bonus', NULL, NULL, '1', '1640291582', '1640291582', '0', NULL, '1'),
(1118, '349', 'x', '5000', 'Bonus', NULL, NULL, '1', '1640385992', '1640385992', '0', NULL, '1'),
(1219, '349', 'x', '60000', 'Penalty', NULL, NULL, '1', '1646004114', '1646004114', '0', NULL, '1'),
(1218, '349', 'x', '6000', 'Bonus', NULL, NULL, '1', '1646003628', '1646003628', '0', NULL, '1'),
(1121, '349', 'x', '5000', 'Bonus', NULL, NULL, '1', '1640502642', '1640502642', '0', NULL, '1'),
(1122, '349', 'x', '5000', 'Bonus', NULL, NULL, '1', '1640502727', '1640502727', '0', NULL, '1'),
(1128, '447', 'x', '10000', 'Bonus', NULL, NULL, '1', '1640817141', '1640817141', '0', NULL, '1'),
(1129, '452', 'x', '10000', 'Bonus', NULL, NULL, '1', '1640817158', '1640817158', '0', NULL, '1'),
(1227, '457', 'x', '4300', 'Bonus', NULL, NULL, '1', '1646238461', '1646238461', '0', NULL, '2'),
(1233, '456', 'x', '6805', 'Withdraw', NULL, 'Bitcoin - bp2sJQqXcxF2K6EKNUxgpa136HyqPyywpYW', '1', '1646426207', '1646426872', '0', NULL, '1'),
(1215, '457', 'x', '4300', 'Deposit', '49', '', '1', '1645981656', '1645984732', '1', '1646640303', '1'),
(1141, '451', 'x', '200', 'Deposit', '49', '2', '1', '1641042489', '1641042684', '1', '1641660769', '1'),
(1154, '453', 'x', '30000', 'Bonus', NULL, NULL, '1', '1642605201', '1642605201', '0', NULL, '1'),
(1182, '472', 'x', '6790', 'Bonus', NULL, NULL, '1', '1644182737', '1644182737', '0', NULL, '2'),
(1183, '454', 'x', '40000', 'Bonus', NULL, NULL, '1', '1644182769', '1644182769', '0', NULL, '2'),
(1184, '464', 'x', '500000', 'Bonus', NULL, NULL, '1', '1644182808', '1644182808', '0', NULL, '2'),
(1158, '457', 'x', '10', 'Bonus', NULL, NULL, '1', '1643711890', '1643711890', '0', NULL, '1'),
(1191, '457', 'x', '4.16', 'Charges', NULL, 'Tether - TQbsY7iZmhcUvMDxTLHR4D1nKz9fHs1kph', '1', '1644330339', '1644331613', '0', NULL, '1'),
(1190, '457', 'x', '104', 'Withdraw', NULL, 'Tether - TQbsY7iZmhcUvMDxTLHR4D1nKz9fHs1kph', '1', '1644330339', '1644331373', '0', NULL, '1'),
(1189, '457', 'x', '6', 'Charges', NULL, 'Tether - TQbsY7iZmhcUvMDxTLHR4D1nKz9fHs1kph', '1', '1644330303', '1644331605', '0', NULL, '1'),
(1188, '457', 'x', '150', 'Withdraw', NULL, 'Tether - TQbsY7iZmhcUvMDxTLHR4D1nKz9fHs1kph', '1', '1644330303', '1644331235', '0', NULL, '1'),
(1187, '456', 'x', '1056.7', 'Charges', NULL, 'Bitcoin - bp2sJQqXcxF2K6EKNUxgpa136HyqPyywpYW', '0', '1644238737', NULL, '0', NULL, '1'),
(1172, '456', 'x', '200', 'Deposit', '49', '2', '1', '1643715846', '1645965766', '1', '1646640303', '1'),
(1173, '456', 'x', '200', 'Deposit', '49', '2', '1', '1643716422', '1645965699', '1', '1646640303', '1'),
(1186, '456', 'x', '10567', 'Withdraw', NULL, 'Bitcoin - bp2sJQqXcxF2K6EKNUxgpa136HyqPyywpYW', '1', '1644238737', '1644239088', '0', NULL, '1'),
(1180, '467', 'x', '15000', 'Bonus', NULL, NULL, '1', '1643925659', '1643925659', '0', NULL, '2'),
(1181, '466', 'x', '10', 'Bonus', NULL, NULL, '1', '1643978212', '1643978212', '0', NULL, '1'),
(1179, '457', 'x', '200', 'Deposit', '49', '2', '1', '1643719958', '1643725346', '1', '1644330193', '1'),
(1192, '463', 'x', '20000', 'Bonus', NULL, NULL, '1', '1645302580', '1645302580', '0', NULL, '1'),
(1193, '463', 'x', '2500', 'Withdraw', NULL, 'Bitcoin - bc1qs79j8ggk47dzxyatdhj2easdmnt3g7v7m5nprk', '0', '1645303700', NULL, '0', NULL, '1'),
(1194, '463', 'x', '100', 'Charges', NULL, 'Bitcoin - bc1qs79j8ggk47dzxyatdhj2easdmnt3g7v7m5nprk', '0', '1645303700', NULL, '0', NULL, '1'),
(1195, '463', 'x', '1000', 'Withdraw', NULL, 'Bitcoin - bc1qs79j8ggk47dzxyatdhj2easdmnt3g7v7m5nprk', '0', '1645303732', NULL, '0', NULL, '1'),
(1196, '463', 'x', '40', 'Charges', NULL, 'Bitcoin - bc1qs79j8ggk47dzxyatdhj2easdmnt3g7v7m5nprk', '0', '1645303732', NULL, '0', NULL, '1'),
(1197, '463', 'x', '700', 'Withdraw', NULL, 'Bitcoin - bc1qs79j8ggk47dzxyatdhj2easdmnt3g7v7m5nprk', '0', '1645303744', NULL, '0', NULL, '1'),
(1198, '463', 'x', '28', 'Charges', NULL, 'Bitcoin - bc1qs79j8ggk47dzxyatdhj2easdmnt3g7v7m5nprk', '0', '1645303744', NULL, '0', NULL, '1'),
(1199, '457', 'x', '500', 'Deposit', '49', '2', '1', '1645732985', '1645734694', '1', '1646340376', '1'),
(1234, '456', 'x', '1701.25', 'Charges', NULL, 'Bitcoin - bp2sJQqXcxF2K6EKNUxgpa136HyqPyywpYW', '1', '1646426207', '1646426291', '0', NULL, '1'),
(1203, '349', 'x', '500', 'Bonus', NULL, NULL, '1', '1645951713', '1645951713', '0', NULL, '1'),
(1204, '349', 'x', '10000', 'Bonus', NULL, NULL, '1', '1645951804', '1645951804', '0', NULL, '1'),
(1205, '349', 'x', '10000', 'Bonus', NULL, NULL, '1', '1645951868', '1645951868', '0', NULL, '1'),
(1206, '349', 'x', '6000', 'Bonus', NULL, NULL, '1', '1645952207', '1645952207', '0', NULL, '1'),
(1207, '349', 'x', '6000', 'Bonus', NULL, NULL, '1', '1645952424', '1645952424', '0', NULL, '1'),
(1208, '457', 'x', '7000', 'Bonus', NULL, NULL, '1', '1645952754', '1645952754', '0', NULL, '1'),
(1209, '349', 'x', '7000', 'Bonus', NULL, NULL, '1', '1645952828', '1645952828', '0', NULL, '1'),
(1211, '493', 'x', '10', 'Bonus', NULL, NULL, '1', '1645954085', '1645954085', '0', NULL, '1'),
(1212, '492', 'x', '10', 'Bonus', NULL, NULL, '1', '1645954215', '1645954215', '0', NULL, '1'),
(1214, '493', 'x', '200', 'Deposit', '49', '2', '1', '1645956345', '1645965685', '1', '1646589360', '1'),
(1242, '499', 'x', '200', 'Deposit', '49', '2', '0', '1646653378', NULL, '0', NULL, '1'),
(1241, '456', 'x', '500', 'Deposit', '49', '2', '0', '1646652917', NULL, '0', NULL, '1'),
(1240, '457', 'x', '1075', 'Charges', NULL, 'Tether - TQbsY7iZmhcUvMDxTLHR4D1nKz9fHs1kph', '0', '1646647438', NULL, '0', NULL, '1'),
(1239, '457', 'x', '4300', 'Withdraw', NULL, 'Tether - TQbsY7iZmhcUvMDxTLHR4D1nKz9fHs1kph', '0', '1646647438', NULL, '0', NULL, '1'),
(1243, '499', 'x', '200', 'Deposit', '49', '2', '0', '1646653419', NULL, '0', NULL, '1'),
(1244, '499', 'x', '200', 'Deposit', '49', '2', '0', '1646653515', NULL, '0', NULL, '1'),
(1245, '498', 'x', '195', 'Bonus', NULL, NULL, '1', '1646697161', '1646697161', '0', NULL, '2'),
(1246, '493', 'x', '240', 'Withdraw', NULL, 'Tether - TXPkPg4daAeS9kBr9ZqdvPdhz599FBn32s', '0', '1646727011', NULL, '0', NULL, '1'),
(1247, '493', 'x', '12', 'Charges', NULL, 'Tether - TXPkPg4daAeS9kBr9ZqdvPdhz599FBn32s', '0', '1646727011', NULL, '0', NULL, '1'),
(1248, '473', 'x', '850000', 'Bonus', NULL, NULL, '1', '1646754176', '1646754176', '0', NULL, '2'),
(1249, '473', 'x', '150000', 'Bonus', NULL, NULL, '1', '1646754189', '1646754189', '0', NULL, '2'),
(1250, '473', 'x', '150000', 'Bonus', NULL, NULL, '1', '1646754200', '1646754200', '0', NULL, '2'),
(1251, '473', 'x', '450000', 'Bonus', NULL, NULL, '1', '1646754214', '1646754214', '0', NULL, '2'),
(1252, '473', 'x', '280000', 'Bonus', NULL, NULL, '1', '1646754236', '1646754236', '0', NULL, '2'),
(1253, '473', 'x', '100000', 'Bonus', NULL, NULL, '1', '1646754247', '1646754247', '0', NULL, '2'),
(1254, '473', 'x', '120000', 'Bonus', NULL, NULL, '1', '1646754257', '1646754257', '0', NULL, '2'),
(1255, '473', 'x', '100000', 'Bonus', NULL, NULL, '1', '1646754265', '1646754265', '0', NULL, '2'),
(1256, '473', 'x', '300000', 'Bonus', NULL, NULL, '1', '1646754285', '1646754285', '0', NULL, '2'),
(1257, '473', 'x', '850000', 'Bonus', NULL, NULL, '1', '1646754593', '1646754593', '0', NULL, '2'),
(1258, '473', 'x', '300000', 'Bonus', NULL, NULL, '1', '1646754641', '1646754641', '0', NULL, '2'),
(1259, '473', 'x', '900000', 'Bonus', NULL, NULL, '1', '1646754721', '1646754721', '0', NULL, '2'),
(1260, '473', 'x', '250000', 'Bonus', NULL, NULL, '1', '1646754748', '1646754748', '0', NULL, '2'),
(1261, '473', 'x', '800000', 'Penalty', NULL, NULL, '1', '1646755796', '1646755796', '0', NULL, '2'),
(1262, '473', 'x', '850000', 'Bonus', NULL, NULL, '1', '1646755808', '1646755808', '0', NULL, '2'),
(1263, '473', 'x', '50000', 'Penalty', NULL, NULL, '1', '1646755851', '1646755851', '0', NULL, '2'),
(1264, '492', 'x', '5', 'Withdraw', NULL, 'Bitcoin - 3AcXahFJoKMSQG6gFsGduksSeeJDkcMYYc', '0', '1646996880', NULL, '0', NULL, '1'),
(1265, '492', 'x', '0.25', 'Charges', NULL, 'Bitcoin - 3AcXahFJoKMSQG6gFsGduksSeeJDkcMYYc', '0', '1646996880', NULL, '0', NULL, '1'),
(1266, '501', 'x', '500', 'Deposit', '49', '2', '1', '1647535715', '1647536479', '1', '1648187373', '1'),
(1267, '501', 'x', '10000', 'Deposit', '51', '2', '1', '1647535843', '1647536511', '1', '1648187373', '1'),
(1268, '501', 'x', '30500', 'Deposit', '51', '2', '1', '1647535903', '1647536526', '1', '1648187373', '1'),
(1269, '501', 'x', '50000', 'Deposit', '52', '2', '1', '1647535939', '1647536536', '1', '1648187373', '1'),
(1270, '501', 'x', '150000', 'Deposit', '52', '2', '1', '1647536075', '1647537069', '1', '1648187373', '1'),
(1271, '501', 'x', '200000', 'Deposit', '52', '2', '1', '1647536121', '1647536518', '1', '1648187373', '1'),
(1272, '501', 'x', '50000', 'Bonus', NULL, NULL, '1', '1647538119', '1647538119', '0', NULL, '2'),
(1273, '501', 'x', '10000', 'Withdraw', NULL, 'Bitcoin - bc1qs79j8ggk47dzxyatdhj2easdmnt3g7v7m5nprk', '1', '1647538601', '1647539022', '0', NULL, '1'),
(1274, '501', 'x', '500', 'Charges', NULL, 'Bitcoin - bc1qs79j8ggk47dzxyatdhj2easdmnt3g7v7m5nprk', '0', '1647538601', NULL, '0', NULL, '1'),
(1275, '501', 'x', '10000', 'Withdraw', NULL, 'Bitcoin - bc1qs79j8ggk47dzxyatdhj2easdmnt3g7v7m5nprk', '1', '1647540140', '1647540228', '0', NULL, '1'),
(1276, '501', 'x', '0', 'Charges', NULL, 'Bitcoin - bc1qs79j8ggk47dzxyatdhj2easdmnt3g7v7m5nprk', '0', '1647540140', NULL, '0', NULL, '1'),
(1277, '499', 'x', '500', 'Deposit', '49', '2', '0', '1647674232', NULL, '0', NULL, '1'),
(1278, '502', 'x', '50000', 'Bonus', NULL, NULL, '1', '1647879457', '1647879457', '0', NULL, '2'),
(1279, '502', 'x', '2886', 'Withdraw', NULL, 'Ethereum - bc1qs79j8ggk47dzxyatdhj2easdmnt3g7v7m5nprk', '1', '1647879634', '1647879797', '0', NULL, '1'),
(1280, '502', 'x', '0', 'Charges', NULL, 'Ethereum - bc1qs79j8ggk47dzxyatdhj2easdmnt3g7v7m5nprk', '0', '1647879634', NULL, '0', NULL, '1'),
(1282, '500', 'x', '500000', 'Bonus', NULL, NULL, '1', '1648187394', '1648187394', '0', NULL, '2'),
(1283, '498', 'x', '2400000', 'Bonus', NULL, NULL, '1', '1648188269', '1648188269', '0', NULL, '2'),
(1284, '473', 'x', '2400000', 'Penalty', NULL, NULL, '1', '1648188322', '1648188322', '0', NULL, '2'),
(1285, '500', '502', '5000', 'Transfer', NULL, NULL, '1', '1648188434', '1648188434', '0', NULL, '1'),
(1286, '500', 'x', '2400000', 'Bonus', NULL, NULL, '1', '1648188680', '1648188680', '0', NULL, '2'),
(1287, '500', '502', '2400000', 'Transfer', NULL, NULL, '1', '1648188730', '1648188730', '0', NULL, '1'),
(1288, '498', 'x', '2400000', 'Penalty', NULL, NULL, '1', '1648188977', '1648188977', '0', NULL, '2'),
(1289, '500', 'x', '2400000', 'Bonus', NULL, NULL, '1', '1648189119', '1648189119', '0', NULL, '2'),
(1290, '500', '473', '2400000', 'Transfer', NULL, NULL, '1', '1648189146', '1648189146', '0', NULL, '1'),
(1291, '473', '498', '2400000', 'Transfer', NULL, NULL, '1', '1648189408', '1648189408', '0', NULL, '1'),
(1292, '498', 'x', '1300', 'Bonus', NULL, NULL, '1', '1648189696', '1648189696', '0', NULL, '2'),
(1299, '500', 'x', '8506', 'Withdraw', NULL, 'Bitcoin - D7YiQ8x7SbhAPoB3afoFGov3jZUETkvxYD', '1', '1648718161', '1648718192', '0', NULL, '1'),
(1296, '504', 'x', '200', 'Deposit', '49', '2', '1', '1648282308', '1648309739', '1', '1648921407', '1'),
(1298, '506', 'x', '206', 'Deposit', '49', '2', '1', '1648498579', '1648498678', '0', NULL, '1'),
(1300, '500', 'x', '0', 'Charges', NULL, 'Bitcoin - D7YiQ8x7SbhAPoB3afoFGov3jZUETkvxYD', '0', '1648718161', NULL, '0', NULL, '1'),
(1301, '463', 'x', '5000', 'Deposit', '49', '2', '1', '1648819003', '1648819211', '0', NULL, '1'),
(1302, '460', 'x', '3500', 'Deposit', '49', '2', '1', '1648819295', '1648819359', '0', NULL, '1'),
(1303, '507', 'x', '1000', 'Deposit', '49', '2', '1', '1648820961', '1648821240', '0', NULL, '1'),
(1304, '508', 'x', '7500', 'Deposit', '49', '2', '0', '1648827121', NULL, '0', NULL, '1'),
(1305, '506', 'x', '1036', 'Deposit', '49', '2', '1', '1648842769', '1648842851', '0', NULL, '1'),
(1306, '501', 'x', '6500', 'Deposit', '49', '2', '1', '1648848055', '1648848183', '0', NULL, '1'),
(1307, '501', 'x', '6500', 'Deposit', '49', '2', '0', '1648848096', NULL, '0', NULL, '1'),
(1308, '500', 'x', '13000', 'Deposit', '51', '2', '0', '1648880203', NULL, '0', NULL, '1'),
(1309, '510', 'x', '100', 'Bonus', NULL, NULL, '1', '1648907644', '1648907644', '0', NULL, '2'),
(1312, '510', 'x', '100', 'Penalty', NULL, NULL, '1', '1648910240', '1648910240', '0', NULL, '2'),
(1311, '510', 'x', '200', 'Deposit', '49', '2', '1', '1648910132', '1648910223', '0', NULL, '1'),
(1313, '504', 'x', '256', 'Deposit', '49', '', '1', '1648925863', '1648929219', '0', NULL, '1'),
(1314, '511', 'x', '15000', 'Bonus', NULL, NULL, '1', '1649032208', '1649032208', '0', NULL, '2'),
(1315, '512', 'x', '10000', 'Bonus', NULL, NULL, '1', '1649032239', '1649032239', '0', NULL, '2'),
(1316, '513', 'x', '5000', 'Bonus', NULL, NULL, '1', '1649032268', '1649032268', '0', NULL, '2'),
(1317, '511', 'x', '5000', 'Withdraw', NULL, 'Bitcoin - bc1qs79j8ggk47dzxyatdhj2easdmnt3g7v7m5nprk', '1', '1649033005', '1649033106', '0', NULL, '1'),
(1318, '511', 'x', '0', 'Charges', NULL, 'Bitcoin - bc1qs79j8ggk47dzxyatdhj2easdmnt3g7v7m5nprk', '0', '1649033005', NULL, '0', NULL, '1');

-- --------------------------------------------------------

--
-- Table structure for table `wallet`
--

CREATE TABLE `wallet` (
  `id` int(100) NOT NULL,
  `user` varchar(1000) NOT NULL,
  `wallet` varchar(1000) NOT NULL,
  `type` varchar(1000) NOT NULL,
  `time` varchar(1000) NOT NULL
) ENGINE=MyISAM DEFAULT CHARSET=latin1;

--
-- Dumping data for table `wallet`
--

INSERT INTO `wallet` (`id`, `user`, `wallet`, `type`, `time`) VALUES
(170, '440', '1699C7zCvxD9Fe9vPVKCG1uo4dXLqv1hr1', 'Bitcoin', '1636364344'),
(171, '451', 'TUA3rWxpmFH5PhAnMUmzDUaZMekoxtGZuu', 'Tether', '1640505636'),
(172, '456', 'bp2sJQqXcxF2K6EKNUxgpa136HyqPyywpYW', 'Bitcoin', '1644238459'),
(173, '457', 'TQbsY7iZmhcUvMDxTLHR4D1nKz9fHs1kph', 'Tether', '1644240352'),
(174, '463', 'bc1qs79j8ggk47dzxyatdhj2easdmnt3g7v7m5nprk', 'Bitcoin', '1645303632'),
(175, '493', 'TXPkPg4daAeS9kBr9ZqdvPdhz599FBn32s', 'Tether', '1646642531'),
(176, '492', '3AcXahFJoKMSQG6gFsGduksSeeJDkcMYYc', 'Bitcoin', '1646996848'),
(177, '501', 'bc1qs79j8ggk47dzxyatdhj2easdmnt3g7v7m5nprk', 'Bitcoin', '1647538478'),
(178, '502', 'bc1qs79j8ggk47dzxyatdhj2easdmnt3g7v7m5nprk', 'Ethereum', '1647879532'),
(179, '473', 'bc1qs79j8ggk47dzxyatdhj2easdmnt3g7v7m5nprk', 'Bitcoin', '1648187855'),
(180, '500', 'D7YiQ8x7SbhAPoB3afoFGov3jZUETkvxYD', 'Bitcoin', '1648718148'),
(181, '510', 'TBUnMWTQmb6UrMBbWndB5mTcgRtRju9mJu', 'Tether', '1648925417'),
(182, '511', 'bc1qs79j8ggk47dzxyatdhj2easdmnt3g7v7m5nprk', 'Bitcoin', '1649032982');

--
-- Indexes for dumped tables
--

--
-- Indexes for table `fak`
--
ALTER TABLE `fak`
  ADD PRIMARY KEY (`id`);

--
-- Indexes for table `faq`
--
ALTER TABLE `faq`
  ADD PRIMARY KEY (`id`);

--
-- Indexes for table `kyc`
--
ALTER TABLE `kyc`
  ADD PRIMARY KEY (`id`);

--
-- Indexes for table `msg`
--
ALTER TABLE `msg`
  ADD PRIMARY KEY (`id`);

--
-- Indexes for table `plan`
--
ALTER TABLE `plan`
  ADD PRIMARY KEY (`id`);

--
-- Indexes for table `referral`
--
ALTER TABLE `referral`
  ADD PRIMARY KEY (`id`);

--
-- Indexes for table `site`
--
ALTER TABLE `site`
  ADD PRIMARY KEY (`id`);

--
-- Indexes for table `sitewallet`
--
ALTER TABLE `sitewallet`
  ADD PRIMARY KEY (`id`);

--
-- Indexes for table `test`
--
ALTER TABLE `test`
  ADD PRIMARY KEY (`id`);

--
-- Indexes for table `transaction`
--
ALTER TABLE `transaction`
  ADD PRIMARY KEY (`id`);

--
-- Indexes for table `wallet`
--
ALTER TABLE `wallet`
  ADD PRIMARY KEY (`id`);

--
-- AUTO_INCREMENT for dumped tables
--

--
-- AUTO_INCREMENT for table `fak`
--
ALTER TABLE `fak`
  MODIFY `id` int(100) NOT NULL AUTO_INCREMENT, AUTO_INCREMENT=2;

--
-- AUTO_INCREMENT for table `faq`
--
ALTER TABLE `faq`
  MODIFY `id` int(100) NOT NULL AUTO_INCREMENT, AUTO_INCREMENT=22;

--
-- AUTO_INCREMENT for table `kyc`
--
ALTER TABLE `kyc`
  MODIFY `id` int(11) NOT NULL AUTO_INCREMENT, AUTO_INCREMENT=176;

--
-- AUTO_INCREMENT for table `msg`
--
ALTER TABLE `msg`
  MODIFY `id` int(100) NOT NULL AUTO_INCREMENT, AUTO_INCREMENT=143;

--
-- AUTO_INCREMENT for table `plan`
--
ALTER TABLE `plan`
  MODIFY `id` int(100) NOT NULL AUTO_INCREMENT, AUTO_INCREMENT=53;

--
-- AUTO_INCREMENT for table `referral`
--
ALTER TABLE `referral`
  MODIFY `id` int(100) NOT NULL AUTO_INCREMENT, AUTO_INCREMENT=111;

--
-- AUTO_INCREMENT for table `site`
--
ALTER TABLE `site`
  MODIFY `id` int(100) NOT NULL AUTO_INCREMENT, AUTO_INCREMENT=3;

--
-- AUTO_INCREMENT for table `sitewallet`
--
ALTER TABLE `sitewallet`
  MODIFY `id` int(100) NOT NULL AUTO_INCREMENT, AUTO_INCREMENT=10;

--
-- AUTO_INCREMENT for table `test`
--
ALTER TABLE `test`
  MODIFY `id` int(100) NOT NULL AUTO_INCREMENT, AUTO_INCREMENT=10;

--
-- AUTO_INCREMENT for table `transaction`
--
ALTER TABLE `transaction`
  MODIFY `id` int(100) NOT NULL AUTO_INCREMENT, AUTO_INCREMENT=1319;

--
-- AUTO_INCREMENT for table `wallet`
--
ALTER TABLE `wallet`
  MODIFY `id` int(100) NOT NULL AUTO_INCREMENT, AUTO_INCREMENT=183;
COMMIT;

